{"id":1018,"date":"2022-10-04T01:34:13","date_gmt":"2022-10-04T04:34:13","guid":{"rendered":"https:\/\/www.multideco.cl\/?post_type=product&#038;p=1018"},"modified":"2024-02-28T15:30:11","modified_gmt":"2024-02-28T19:30:11","slug":"mesa-de-centro-50x100x38cm-cafe","status":"publish","type":"product","link":"https:\/\/www.multideco.cl\/index.php\/producto\/mesa-de-centro-50x100x38cm-cafe\/","title":{"rendered":"Mesa de Centro 50x100x38cm caf\u00e9"},"content":{"rendered":"","protected":false},"excerpt":{"rendered":"<p>Nueva mesa de centro 50x100x38cm Caf\u00e9 elaborada con madera de alta calidad que le dan firmeza y durabilidad.<\/p>\n<p>Dimensiones:<\/p>\n<p>Ancho:50cm<br \/>\nLargo: 100cm<br \/>\nAlto 38cm<\/p>\n<p>&nbsp;<\/p>\n<p>Tiempo de fabricaci\u00f3n 3 d\u00edas aprox.<br \/>\nTiempo de despacho 1 a 2 d\u00edas h\u00e1biles una vez terminada su elaboraci\u00f3n.<\/p>\n","protected":false},"featured_media":1109,"comment_status":"open","ping_status":"closed","template":"","meta":[],"product_brand":[],"product_cat":[17,34],"product_tag":[],"class_list":["post-1018","product","type-product","status-publish","has-post-thumbnail","product_cat-mesas","product_cat-mesas-de-centro","first","outofstock","sale","shipping-taxable","purchasable","product-type-simple"],"jetpack-related-posts":[],"jetpack_sharing_enabled":true,"_links":{"self":[{"href":"https:\/\/www.multideco.cl\/index.php\/wp-json\/wp\/v2\/product\/1018","targetHints":{"allow":["GET"]}}],"collection":[{"href":"https:\/\/www.multideco.cl\/index.php\/wp-json\/wp\/v2\/product"}],"about":[{"href":"https:\/\/www.multideco.cl\/index.php\/wp-json\/wp\/v2\/types\/product"}],"replies":[{"embeddable":true,"href":"https:\/\/www.multideco.cl\/index.php\/wp-json\/wp\/v2\/comments?post=1018"}],"version-history":[{"count":2,"href":"https:\/\/www.multideco.cl\/index.php\/wp-json\/wp\/v2\/product\/1018\/revisions"}],"predecessor-version":[{"id":1029,"href":"https:\/\/www.multideco.cl\/index.php\/wp-json\/wp\/v2\/product\/1018\/revisions\/1029"}],"wp:featuredmedia":[{"embeddable":true,"href":"https:\/\/www.multideco.cl\/index.php\/wp-json\/wp\/v2\/media\/1109"}],"wp:attachment":[{"href":"https:\/\/www.multideco.cl\/index.php\/wp-json\/wp\/v2\/media?parent=1018"}],"wp:term":[{"taxonomy":"product_brand","embeddable":true,"href":"https:\/\/www.multideco.cl\/index.php\/wp-json\/wp\/v2\/product_brand?post=1018"},{"taxonomy":"product_cat","embeddable":true,"href":"https:\/\/www.multideco.cl\/index.php\/wp-json\/wp\/v2\/product_cat?post=1018"},{"taxonomy":"product_tag","embeddable":true,"href":"https:\/\/www.multideco.cl\/index.php\/wp-json\/wp\/v2\/product_tag?post=1018"}],"curies":[{"name":"wp","href":"https:\/\/api.w.org\/{rel}","templated":true}]}}

Mesa de Centro 50x100x38cm café

<p>Nueva mesa de centro 50x100x38cm Café elaborada con madera de alta calidad que le dan firmeza y durabilidad.</p>
<p>Dimensiones:</p>
<p>Ancho:50cm<br />
Largo: 100cm<br />
Alto 38cm</p>
<p>&nbsp;</p>
<p>Tiempo de fabricación 3 días aprox.<br />
Tiempo de despacho 1 a 2 días hábiles una vez terminada su elaboración.</p>
