{"id":1452,"date":"2024-01-14T23:02:49","date_gmt":"2024-01-15T03:02:49","guid":{"rendered":"https:\/\/www.multideco.cl\/?post_type=product&#038;p=1452"},"modified":"2026-01-19T20:30:59","modified_gmt":"2026-01-20T00:30:59","slug":"mesa-lateral-esquina-46x60-cm-natural","status":"publish","type":"product","link":"https:\/\/www.multideco.cl\/index.php\/producto\/mesa-lateral-esquina-46x60-cm-natural\/","title":{"rendered":"Mesa Lateral Esquina 46&#215;60 cm Natural"},"content":{"rendered":"<p><b>Mesa Lateral de Esquina Natural<\/b><\/p>\n<p>Con un dise\u00f1o simple y funcional, la\u00a0<b>Mesa Lateral de Esquina<\/b>\u00a0es el complemento perfecto para cualquier rinc\u00f3n de tu hogar. Fabricada en\u00a0<b>madera s\u00f3lida de pino<\/b>, su acabado natural resalta la belleza de la veta, aportando calidez y un toque r\u00fastico a tus espacios.<\/p>\n<p>Con unas dimensiones ideales de\u00a0<b>46 cm de ancho y 60 cm de alto<\/b>, es perfecta para colocar una l\u00e1mpara, tus libros favoritos o plantas, aprovechando al m\u00e1ximo esos espacios peque\u00f1os y dif\u00edciles de decorar. Su estructura resistente y de l\u00edneas limpias se adapta a cualquier estilo, desde el moderno hasta el escandinavo, y es muy f\u00e1cil de armar.<\/p>\n","protected":false},"excerpt":{"rendered":"<p><b>Mesa Lateral de Esquina Natural<\/b><\/p>\n<p>Con un dise\u00f1o simple y funcional, la\u00a0<b>Mesa Lateral de Esquina<\/b>\u00a0es el complemento perfecto para cualquier rinc\u00f3n de tu hogar. Fabricada en\u00a0<b>madera s\u00f3lida de pino<\/b>, su acabado natural resalta la belleza de la veta, aportando calidez y un toque r\u00fastico a tus espacios.<\/p>\n<p>Con unas dimensiones ideales de\u00a0<b>46 cm de ancho y 60 cm de alto<\/b>, es perfecta para colocar una l\u00e1mpara, tus libros favoritos o plantas, aprovechando al m\u00e1ximo esos espacios peque\u00f1os y dif\u00edciles de decorar. Su estructura resistente y de l\u00edneas limpias se adapta a cualquier estilo, desde el moderno hasta el escandinavo, y es muy f\u00e1cil de armar.<\/p>\n","protected":false},"featured_media":1979,"comment_status":"open","ping_status":"closed","template":"","meta":[],"product_brand":[],"product_cat":[17,30],"product_tag":[],"class_list":["post-1452","product","type-product","status-publish","has-post-thumbnail","product_cat-mesas","product_cat-mesas-auxiliares","first","instock","shipping-taxable","purchasable","product-type-simple"],"jetpack-related-posts":[],"jetpack_sharing_enabled":true,"_links":{"self":[{"href":"https:\/\/www.multideco.cl\/index.php\/wp-json\/wp\/v2\/product\/1452","targetHints":{"allow":["GET"]}}],"collection":[{"href":"https:\/\/www.multideco.cl\/index.php\/wp-json\/wp\/v2\/product"}],"about":[{"href":"https:\/\/www.multideco.cl\/index.php\/wp-json\/wp\/v2\/types\/product"}],"replies":[{"embeddable":true,"href":"https:\/\/www.multideco.cl\/index.php\/wp-json\/wp\/v2\/comments?post=1452"}],"version-history":[{"count":2,"href":"https:\/\/www.multideco.cl\/index.php\/wp-json\/wp\/v2\/product\/1452\/revisions"}],"predecessor-version":[{"id":1966,"href":"https:\/\/www.multideco.cl\/index.php\/wp-json\/wp\/v2\/product\/1452\/revisions\/1966"}],"wp:featuredmedia":[{"embeddable":true,"href":"https:\/\/www.multideco.cl\/index.php\/wp-json\/wp\/v2\/media\/1979"}],"wp:attachment":[{"href":"https:\/\/www.multideco.cl\/index.php\/wp-json\/wp\/v2\/media?parent=1452"}],"wp:term":[{"taxonomy":"product_brand","embeddable":true,"href":"https:\/\/www.multideco.cl\/index.php\/wp-json\/wp\/v2\/product_brand?post=1452"},{"taxonomy":"product_cat","embeddable":true,"href":"https:\/\/www.multideco.cl\/index.php\/wp-json\/wp\/v2\/product_cat?post=1452"},{"taxonomy":"product_tag","embeddable":true,"href":"https:\/\/www.multideco.cl\/index.php\/wp-json\/wp\/v2\/product_tag?post=1452"}],"curies":[{"name":"wp","href":"https:\/\/api.w.org\/{rel}","templated":true}]}}

<p><b>Mesa Lateral de Esquina Natural</b></p>
<p>Con un diseño simple y funcional, la <b>Mesa Lateral de Esquina</b> es el complemento perfecto para cualquier rincón de tu hogar. Fabricada en <b>madera sólida de pino</b>, su acabado natural resalta la belleza de la veta, aportando calidez y un toque rústico a tus espacios.</p>
<p>Con unas dimensiones ideales de <b>46 cm de ancho y 60 cm de alto</b>, es perfecta para colocar una lámpara, tus libros favoritos o plantas, aprovechando al máximo esos espacios pequeños y difíciles de decorar. Su estructura resistente y de líneas limpias se adapta a cualquier estilo, desde el moderno hasta el escandinavo, y es muy fácil de armar.</p>
