{"id":178,"date":"2021-11-17T14:41:19","date_gmt":"2021-11-17T17:41:19","guid":{"rendered":"https:\/\/www.multideco.cl\/index.php\/producto\/mesa-lateral-33x60cm-natural-blanco\/"},"modified":"2025-11-25T21:10:23","modified_gmt":"2025-11-26T01:10:23","slug":"mesa-lateral-33x60cm-natural-blanco","status":"publish","type":"product","link":"https:\/\/www.multideco.cl\/index.php\/producto\/mesa-lateral-33x60cm-natural-blanco\/","title":{"rendered":"Mesa Lateral 33x60cm Natural\/Blanco"},"content":{"rendered":"","protected":false},"excerpt":{"rendered":"<p>Mesa lateral ideal para decorar con plantas, retratos u otro objeto decorativo. Est\u00e1 fabricada en madera s\u00f3lida que la hace un producto resistente y durable. Est\u00e1 disponible en color Caf\u00e9 y Natural.<\/p>\n<p>Dimensiones: Ancho 33cm, Largo 33cm, Alto 60cm. Di\u00e1metro 25cm<\/p>\n","protected":false},"featured_media":1349,"comment_status":"open","ping_status":"closed","template":"","meta":[],"product_brand":[],"product_cat":[17,30],"product_tag":[],"class_list":["post-178","product","type-product","status-publish","has-post-thumbnail","product_cat-mesas","product_cat-mesas-auxiliares","first","instock","sale","shipping-taxable","purchasable","product-type-simple"],"jetpack-related-posts":[],"jetpack_sharing_enabled":true,"_links":{"self":[{"href":"https:\/\/www.multideco.cl\/index.php\/wp-json\/wp\/v2\/product\/178","targetHints":{"allow":["GET"]}}],"collection":[{"href":"https:\/\/www.multideco.cl\/index.php\/wp-json\/wp\/v2\/product"}],"about":[{"href":"https:\/\/www.multideco.cl\/index.php\/wp-json\/wp\/v2\/types\/product"}],"replies":[{"embeddable":true,"href":"https:\/\/www.multideco.cl\/index.php\/wp-json\/wp\/v2\/comments?post=178"}],"version-history":[{"count":3,"href":"https:\/\/www.multideco.cl\/index.php\/wp-json\/wp\/v2\/product\/178\/revisions"}],"predecessor-version":[{"id":687,"href":"https:\/\/www.multideco.cl\/index.php\/wp-json\/wp\/v2\/product\/178\/revisions\/687"}],"wp:featuredmedia":[{"embeddable":true,"href":"https:\/\/www.multideco.cl\/index.php\/wp-json\/wp\/v2\/media\/1349"}],"wp:attachment":[{"href":"https:\/\/www.multideco.cl\/index.php\/wp-json\/wp\/v2\/media?parent=178"}],"wp:term":[{"taxonomy":"product_brand","embeddable":true,"href":"https:\/\/www.multideco.cl\/index.php\/wp-json\/wp\/v2\/product_brand?post=178"},{"taxonomy":"product_cat","embeddable":true,"href":"https:\/\/www.multideco.cl\/index.php\/wp-json\/wp\/v2\/product_cat?post=178"},{"taxonomy":"product_tag","embeddable":true,"href":"https:\/\/www.multideco.cl\/index.php\/wp-json\/wp\/v2\/product_tag?post=178"}],"curies":[{"name":"wp","href":"https:\/\/api.w.org\/{rel}","templated":true}]}}

<p>Mesa lateral ideal para decorar con plantas, retratos u otro objeto decorativo. Está fabricada en madera sólida que la hace un producto resistente y durable. Está disponible en color Café y Natural.</p>
<p>Dimensiones: Ancho 33cm, Largo 33cm, Alto 60cm. Diámetro 25cm</p>
