{"id":704,"date":"2022-07-10T17:13:52","date_gmt":"2022-07-10T21:13:52","guid":{"rendered":"https:\/\/www.multideco.cl\/?post_type=product&#038;p=704"},"modified":"2025-11-18T14:01:15","modified_gmt":"2025-11-18T18:01:15","slug":"mesa-lateral-cafe-33x33x90cm","status":"publish","type":"product","link":"https:\/\/www.multideco.cl\/index.php\/producto\/mesa-lateral-cafe-33x33x90cm\/","title":{"rendered":"Mesa Lateral L 33x33x90cm"},"content":{"rendered":"","protected":false},"excerpt":{"rendered":"<p>Mesa Lateral Caf\u00e9 33x33x90cm es una de las 3 colecciones de mesa laterales que han sido fabricadas en madera maciza que se caracterizan por ser durables y resistentes. Adem\u00e1s, su dise\u00f1o elegante permite adaptarse a m\u00faltiples espacios y combinar f\u00e1cilmente con retratos u objetos decorativos.<\/p>\n<p><strong>Dimensiones:<\/strong>\u00a0 \u00a0Ancho 33cm\u00a0 Largo: 33cm\u00a0 Alto: 90cm<\/p>\n","protected":false},"featured_media":1225,"comment_status":"open","ping_status":"closed","template":"","meta":[],"product_brand":[],"product_cat":[17,30],"product_tag":[],"class_list":["post-704","product","type-product","status-publish","has-post-thumbnail","product_cat-mesas","product_cat-mesas-auxiliares","first","instock","sale","shipping-taxable","purchasable","product-type-simple"],"jetpack-related-posts":[],"jetpack_sharing_enabled":true,"_links":{"self":[{"href":"https:\/\/www.multideco.cl\/index.php\/wp-json\/wp\/v2\/product\/704","targetHints":{"allow":["GET"]}}],"collection":[{"href":"https:\/\/www.multideco.cl\/index.php\/wp-json\/wp\/v2\/product"}],"about":[{"href":"https:\/\/www.multideco.cl\/index.php\/wp-json\/wp\/v2\/types\/product"}],"replies":[{"embeddable":true,"href":"https:\/\/www.multideco.cl\/index.php\/wp-json\/wp\/v2\/comments?post=704"}],"version-history":[{"count":7,"href":"https:\/\/www.multideco.cl\/index.php\/wp-json\/wp\/v2\/product\/704\/revisions"}],"predecessor-version":[{"id":1972,"href":"https:\/\/www.multideco.cl\/index.php\/wp-json\/wp\/v2\/product\/704\/revisions\/1972"}],"wp:featuredmedia":[{"embeddable":true,"href":"https:\/\/www.multideco.cl\/index.php\/wp-json\/wp\/v2\/media\/1225"}],"wp:attachment":[{"href":"https:\/\/www.multideco.cl\/index.php\/wp-json\/wp\/v2\/media?parent=704"}],"wp:term":[{"taxonomy":"product_brand","embeddable":true,"href":"https:\/\/www.multideco.cl\/index.php\/wp-json\/wp\/v2\/product_brand?post=704"},{"taxonomy":"product_cat","embeddable":true,"href":"https:\/\/www.multideco.cl\/index.php\/wp-json\/wp\/v2\/product_cat?post=704"},{"taxonomy":"product_tag","embeddable":true,"href":"https:\/\/www.multideco.cl\/index.php\/wp-json\/wp\/v2\/product_tag?post=704"}],"curies":[{"name":"wp","href":"https:\/\/api.w.org\/{rel}","templated":true}]}}

<p>Mesa Lateral Café 33x33x90cm es una de las 3 colecciones de mesa laterales que han sido fabricadas en madera maciza que se caracterizan por ser durables y resistentes. Además, su diseño elegante permite adaptarse a múltiples espacios y combinar fácilmente con retratos u objetos decorativos.</p>
<p><strong>Dimensiones:</strong>   Ancho 33cm  Largo: 33cm  Alto: 90cm</p>
